00*s - 1116. List the prime factors of h(39).
2, 3, 29
Let h(b) be the first derivative of -b**2 - 6*b - 68. Suppose -w - 3*d = -5, -4*d - 1 = -2*w - 31. List the prime factors of h(w).
2
Let j(n) = n**3 + n**2 - 20*n - 33. Let q be j(-4). What are the prime factors of q/((-5)/(5711 + -6))?
7, 163
What are the prime factors of (-1124)/(-6)*(7/(-140) + 5528/160)?
23, 281
Let s(j) = j**2 + 185. Let t be (0 - -3) + -3*(5 + -4). What are the prime factors of s(t)?
5, 37
Let x(f) = 5*f - 4. Let c be x(2). Suppose c*o + 4*o = 20. Suppose u - 4*d - 72 = -u, o*u - 3*d = 77. What are the prime factors of u?
2, 23
Let o(w) = 15*w**2 - 6*w - 124. List the prime factors of o(-7).
653
Suppose -2*d + 5*n - 13 = -2, 2*n = 5*d - 4. Suppose 358 = 2*k + d*j, j + 355 = 2*k + 4*j. What are the prime factors of k?
2, 7, 13
Let z(v) = -3*v + 5. Let j be z(-3). Suppose r - j = -2*x - r, r = -3*x + 11. Suppose -58 = i - x*i. List the prime factors of i.
2, 29
Let n be ((-2)/5)/(1196/(-65) + 17)*21. Let m(u) be the first derivative of -u**4/4 + 3*u**3 + u**2 - 8*u + 2. What are the prime factors of m(n)?
2, 7
Let z(n) = n**3 - 11*n**2 - 4*n - 18. Let j be z(12). Suppose -5*c + 22 = -j. Let k(d) = 3*d - 48. List the prime factors of k(c).
2, 3
Let w = -3246 + 4391. What are the prime factors of w?
5, 229
Let y(x) = 27*x - 37. Let t be y(-9). Let n = -67 - t. What are the prime factors of n?
3, 71
Let g(c) be the third derivative of 0*c + 13/6*c**3 + 0 + c**2 + 5/24*c**4. List the prime factors of g(6).
43
Let v(d) = -13708*d**3 - 53*d - 54. What are the prime factors of v(-1)?
3, 1523
Suppose -808*y - 8153454 = -946*y. List the prime factors of y.
59083
Let x be (-114 - -3)/(-3) + (-3)/3. Suppose y + 39 = -x. Let i = 141 + y. List the prime factors of i.
2, 3, 11
Let z be (-1)/(3*(-4)/396). Let r = z + -85. What are the prime factors of r/(-7) - 3/7?
7
Let h = -98 + 109. Suppose -2*x + 4*o + h + 3 = 0, 0 = -4*x + o. List the prime factors of (x - 0)/(1/(-202)).
2, 101
What are the prime factors of (-273646)/(-26) + ((-1)/2 - 170/(-260))?
5, 421
Let o(p) = -p**2 - 4*p + 154. Let q = -76 + 79. Suppose -q*x - 2*x - 2*f - 8 = 0, 5*x + 20 = -5*f. What are the prime factors of o(x)?
2, 7, 11
Suppose 3*t + 2*f - 367 = 860, -4*f = -2*t + 834. Let a = t + -268. What are the prime factors of a?
11, 13
Let c(u) = 2*u**3 - 29*u**2 + 29*u + 34. Let w(i) = -3*i**2 - 49*i - 2. Let r be w(-16). What are the prime factors of c(r)?
2, 61
Suppose p + 4*b = b - 2551, b = 0. Let g = -1725 - p. List the prime factors of g.
2, 7, 59
Let x = 11 - 25. Suppose -211 + 1112 = 53*o. Let b = o - x. What are the prime factors of b?
31
Suppose i + 0*i = 5. Suppose -5*s - 810 = i*s. What are the prime factors of s*((-24)/9)/4?
2, 3
Suppose -w = 4*w - 15. Suppose -g + 2*g - w = 0. Suppose -c + 184 = g*c. List the prime factors of c.
2, 23
Let q(p) = 10*p**2 - 37*p - 1123. List the prime factors of q(46).
5, 19, 193
What are the prime factors of 60054/8 - (7 - 5)/(-8)?
7507
What are the prime factors of 19156 - -12 - (2 + 6)?
2, 5, 479
Suppose 0 = -39*m + 41*m - 8912. List the prime factors of m.
2, 557
Suppose 71849 + 57087 = -18*p + 89*p. List the prime factors of p.
2, 227
Suppose 44*y - 50536 - 96908 = 0. List the prime factors of y.
3, 1117
Let x be (10 - 10)*2/(-10). Suppose x = 2*q - 3*u - 232, -5*u - 17 - 3 = 0. What are the prime factors of q?
2, 5, 11
Let x be -3*4/(-6) - -1. Let y be x*4/24 - (-942)/4. Suppose 0*v + 4*v = 4*w - y, -2*w + 118 = -v. What are the prime factors of w?
59
Let z(l) = 2*l**2 - 29*l - 5. Let c be z(13). Let h = 52 - c. Let k = -65 + h. List the prime factors of k.
31
Let u be (3/6)/((-1)/(-90)). Let o be (-3 + -22)*1*(-63)/15. Suppose u = 6*t - o. List the prime factors of t.
5
Suppose 16*t - 18*t = 3*j - 10242, -3*j = -6. List the prime factors of t.
2, 3, 853
Let l(u) = -7*u**2 - 26*u + 6. Let d be l(-5). Let b = 81 + d. List the prime factors of b.
2, 3, 7
Suppose 1345 = 3*v + 280. Let w = v + -214. What are the prime factors of 28/(-21)*w/(-2) - -3?
97
Let p = 436 + -238. List the prime factors of 43208/p*9/2.
2, 491
Suppose 7*p + 3*h - 37 = 2*p, 0 = -5*p - 4*h + 36. Let w(o) = 4*o**2 - 14*o - 43. What are the prime factors of w(p)?
101
Suppose 0 = -55*n - 62*n + 643968. What are the prime factors of n?
2, 43
Let l = -226 - -229. Suppose -5*z + 666 = l*c, 3*c - 1100 = -2*c - 5*z. List the prime factors of c.
7, 31
Let d be (-20)/(-8)*-2 - -7 - -1021. Let k = d - 848. List the prime factors of k.
5, 7
Let w(m) = 5*m**3 + 39*m**2 - 37*m - 30. List the prime factors of w(16).
2, 43, 347
Let w be 6/(-4) + (-27513)/18. Let y = -585 - w. What are the prime factors of y?
3, 5, 7
Suppose 0 = 5*p + 4*n - 18 - 4, p + 1 = n. Suppose -s = s - 5*m - 678, -p*s + 2*m = -672. What are the prime factors of s?
2, 167
Let w be 5 - (-2 - (0 - 4)). Suppose 2*d = w*j - 5081, 0*j + j = 4*d + 10137. What are the prime factors of (-1)/(-2) - d/34?
3, 5
Let x = 62 + 60. Let g = x + 252. List the prime factors of g.
2, 11, 17
Let v(s) = 4*s**2 - 27*s - 44. Let l be v(14). Suppose 2020 - 236 = 5*z - 2*y, z - 3*y - l = 0. What are the prime factors of z?
2, 89
Let q(c) = 2433*c**2 - 62*c + 281. What are the prime factors of q(6)?
59, 1483
Suppose -4*y = -707 + 675. Suppose 4*l + y = 0, 5*g - 770 = 2*g - 2*l. List the prime factors of g.
2, 3, 43
Let i(b) = -2*b + 3. Let k be i(-2). Let p(h) = 2*h - 9. Let x be p(k). What are the prime factors of -15*(100/(-3))/x?
2, 5
Let m = -30 - -43. Let a(k) = 2*k - 22. Let i be a(m). Suppose -i*z + 1 + 19 = 0. What are the prime factors of z?
5
Suppose 16*a - 13387 = 28373. What are the prime factors of a?
2, 3, 5, 29
Let y be 20/6*60/(-25). Let x(j) = 24*j - 35 + 32*j - 64*j. List the prime factors of x(y).
29
Let a = 617 + -346. Let f = a + -66. List the prime factors of f.
5, 41
Let f(j) = -106*j**3 - 2*j**2 + 47*j - 39. What are the prime factors of f(-7)?
2, 3, 997
Let c(s) = 23*s**2 - 8*s - 22. Let o be c(-4). Let u = 0 + 5. Suppose 3*w - 8*w + 2*n + o = 0, 4*w = u*n + 316. List the prime factors of w.
2, 37
Let o(d) = 8670*d - 485. List the prime factors of o(3).
5, 1021
Let x be 17*20/24 - 2/12. Suppose 532 + 2240 = x*f. What are the prime factors of f?
2, 3, 11
Let q(b) = -b**3 + 22*b**2 - 26*b + 54. Let k be q(21). List the prime factors of 34/k*3606/(-4)*1.
601
Let c(s) = 17002*s**2 + 228*s + 227. What are the prime factors of c(-1)?
3, 1889
Suppose 0 = -4*p - 3*i + 551, -2*i + 75 = -p + 199. Let a = 10 - p. Let l = -80 - a. What are the prime factors of l?
2, 11
Let f = -5 - -9. Suppose -b = f*b - 840. Suppose -k = -3*k + b. List the prime factors of k.
2, 3, 7
Let k(q) = 18*q**3 + 352*q**2 - 22*q - 16. What are the prime factors of k(-19)?
2, 17, 59
Suppose r - 106692 = -2*l, 16*l = 21*l + 2*r - 266730. List the prime factors of l.
2, 3, 17, 523
Suppose -5*k + 2*d + 39943 = 0, -15954 = -2*k + 61*d - 66*d. List the prime factors of k.
7, 163
Suppose -5*u + 1174 = -2*v, -3*u - v + 968 = 257. Let k(f) = -u - 11*f - 219 + 465. What are the prime factors of k(-3)?
43
Let r = -3872 + 9325. What are the prime factors of r?
7, 19, 41
Let j = -11235 + 12300. List the prime factors of j.
3, 5, 71
Suppose 3*x = 3*p - 42, 0*x = 5*x - 10. List the prime factors of (12 - p) + 10*51.
2, 11, 23
Let s be 1/(-2) - (-14835)/258. Suppose 20*g = s*g - 49395. What are the prime factors of g?
3, 5, 89
Suppose 11 - 15 = -d. Suppose -8 = d*l - 2*u - 3*u, u = -2*l + 10. Suppose h - 162 = -b, 0*b - 474 = -l*h + b. List the prime factors of h.
3, 53
Let f be 56/6 - 8/(-12). Let r(q) = -14*q - 13. Let m be r(f). What are the prime factors of -2*m/6 + 2?
53
Let d be (-15)/((-540)/(-8)) - (-18398)/9. Let b = d - 791. What are the prime factors of b?
7, 179
Let r = -376 + 219. Let g = 721 - r. List the prime factors of g.
2, 439
Let o(n) = -11 - 6*n**2 - n + n**3 + 5*n + 10*n. What are the prime factors of o(6)?
73
Let c = 62 + -60. Suppose -33 = c*m + j - 205, j - 258 = -3*m. What are the prime factors of m?
2, 43
Let m(g) = -71*g**3 - 3*g**2 + 3*g - 1. Let x be m(2). Let t be (-5)/(-45) + x/(-9). Suppose -t = -s - 32. What are the prime factors of s?
2
Suppose -2*p + p = -w - 221, 3*w = -p + 229. Let t = p - -37. Suppose -t = -6*n + 76. List the prime factors of n.
